{"id":5024,"date":"2020-09-24T14:04:34","date_gmt":"2020-09-24T14:04:34","guid":{"rendered":"https:\/\/kosar.radobasket.hu\/?page_id=5024"},"modified":"2026-04-15T14:25:53","modified_gmt":"2026-04-15T14:25:53","slug":"bdse-basket","status":"publish","type":"page","link":"https:\/\/bdsebasket.hu\/index.php\/bdse-basket\/","title":{"rendered":"BDSE Basket TAO"},"content":{"rendered":"<div class=\"wpb-content-wrapper\"><p>[vc_row css=&#8221;.vc_custom_1555503152088{margin-top: -50px !important;}&#8221;][vc_column][vc_custom_heading text=&#8221;TAO dokumentumok&#8221; use_theme_fonts=&#8221;yes&#8221;][vc_separator color=&#8221;custom&#8221; align=&#8221;align_left&#8221; el_width=&#8221;10&#8243; accent_color=&#8221;#000000&#8243;][vc_empty_space][vc_column_text css=&#8221;&#8221;]<strong>2026\/2027<\/strong>[\/vc_column_text][vc_column_text css=&#8221;&#8221;]<a href=\"https:\/\/bdsebasket.hu\/wp-content\/uploads\/2026\/04\/bdse_program.pdf\">BDSE BASKET k\u00e9relem let\u00f6lt\u00e9se<\/a><\/p>\n<p><a href=\"https:\/\/bdsebasket.hu\/wp-content\/uploads\/2026\/04\/bdse_hatarozat.pdf\">BDSE BASKET hat\u00e1rozat let\u00f6lt\u00e9se<\/a>[\/vc_column_text][vc_column_text css=&#8221;&#8221;]<strong>2025\/2026<\/strong>[\/vc_column_text][vc_column_text css=&#8221;&#8221;]<a href=\"https:\/\/kosar.radobasket.hu\/wp-content\/uploads\/2025\/05\/BDSE-kosarlabda-TAO-kerelem-2025.pdf\">BDSE BASKET k\u00e9relem let\u00f6lt\u00e9se<\/a><\/p>\n<p><a href=\"https:\/\/kosar.radobasket.hu\/wp-content\/uploads\/2025\/05\/BDSE-Jovahagyo-hatarozat_20250430110855_ki_JH01_000194_2025_MKOSZ_20250430.pdf\">BDSE BASKET hat\u00e1rozat let\u00f6lt\u00e9se<\/a>[\/vc_column_text][vc_column_text]<strong>2024\/2025<\/strong>[\/vc_column_text][vc_column_text]<a href=\"https:\/\/bdsebasket.hu\/wp-content\/uploads\/2024\/04\/BDSE-hatarozat-2024_2025.pdf\">BDSE BASKET hat\u00e1rozat let\u00f6lt\u00e9se<\/a><\/p>\n<p><a href=\"https:\/\/bdsebasket.hu\/wp-content\/uploads\/2024\/04\/BDSE-kerelem-2024_2025.pdf\">BDSE BASKET k\u00e9relem let\u00f6lt\u00e9se<\/a>[\/vc_column_text][vc_column_text]<strong>2023\/2024<\/strong>[\/vc_column_text][vc_column_text]<a href=\"https:\/\/bdsebasket.hu\/wp-content\/uploads\/2023\/04\/BDSEbasket-hatarozat-2023_24.pdf\">BDSE BASKET hat\u00e1rozat let\u00f6lt\u00e9se<\/a><\/p>\n<p><a href=\"https:\/\/bdsebasket.hu\/wp-content\/uploads\/2023\/04\/BDSEbasket-kerelem-2023_24.pdf\">BDSE BASKET k\u00e9relem let\u00f6lt\u00e9se<\/a>[\/vc_column_text][vc_column_text]<strong>2022\/2023<\/strong>[\/vc_column_text][vc_column_text]<a href=\"https:\/\/bdsebasket.hu\/wp-content\/uploads\/2022\/05\/BDSE-jh-hatarozat-2022.pdf\">BDSE BASKET hat\u00e1rozat let\u00f6lt\u00e9se<\/a><\/p>\n<p><a href=\"https:\/\/bdsebasket.hu\/wp-content\/uploads\/2022\/05\/BDSE-SFP-2022_23.pdf\">BDSE BASKET k\u00e9relem let\u00f6lt\u00e9se<\/a>[\/vc_column_text][vc_column_text]<strong>2021\/2022<\/strong>[\/vc_column_text][vc_column_text]<a href=\"https:\/\/kosar.radobasket.hu\/wp-content\/uploads\/2021\/05\/TAO-2021_22-SFP-hatarozat-BDSEbasket.pdf\" target=\"_blank\" rel=\"noopener noreferrer\">BDSE BASKET hat\u00e1rozat let\u00f6lt\u00e9se<\/a><\/p>\n<p><a href=\"https:\/\/kosar.radobasket.hu\/wp-content\/uploads\/2021\/05\/TAO-2021_22-kerelem-BDSEbasket.pdf\" target=\"_blank\" rel=\"noopener noreferrer\">BDSE BASKET k\u00e9relem let\u00f6lt\u00e9se<\/a>[\/vc_column_text][vc_column_text]<strong>2020\/2021<\/strong>[\/vc_column_text][vc_column_text]<a href=\"https:\/\/kosar.radobasket.hu\/wp-content\/uploads\/2020\/09\/BDSE-SFP-hat\u00e1rozat-2020.pdf\" target=\"_blank\" rel=\"noopener noreferrer\">BDSE BASKET hat\u00e1rozat let\u00f6lt\u00e9se<\/a><\/p>\n<p><a href=\"https:\/\/kosar.radobasket.hu\/wp-content\/uploads\/2020\/09\/BDSE-SFP-2020_21.pdf\" target=\"_blank\" rel=\"noopener noreferrer\">BDSE BASKET k\u00e9relem let\u00f6lt\u00e9se<\/a>[\/vc_column_text][vc_column_text]<strong>2019\/2020<\/strong>[\/vc_column_text][vc_column_text]<a href=\"https:\/\/bdsebasket.hu\/wp-content\/uploads\/2023\/02\/BDSE-Basket-2019-hatarozat.pdf\" target=\"_blank\" rel=\"noopener noreferrer\">BDSE BASKET hat\u00e1rozat let\u00f6lt\u00e9se<\/a><\/p>\n<p><a href=\"https:\/\/bdsebasket.hu\/wp-content\/uploads\/2023\/02\/BDSE-Basket-2019-kerelem.pdf\" target=\"_blank\" rel=\"noopener noreferrer\">BDSE BASKET k\u00e9relem let\u00f6lt\u00e9se<\/a>[\/vc_column_text][vc_column_text]<strong>2018\/2019<\/strong>[\/vc_column_text][vc_column_text]<a href=\"https:\/\/bdsebasket.hu\/wp-content\/uploads\/2023\/02\/BDSE-Basket-2018-hatarozat.pdf\" target=\"_blank\" rel=\"noopener noreferrer\">BDSE BASKET hat\u00e1rozat let\u00f6lt\u00e9se<\/a><\/p>\n<p><a href=\"https:\/\/bdsebasket.hu\/wp-content\/uploads\/2023\/02\/BDSE-Basket-2018-kerelem.pdf\" target=\"_blank\" rel=\"noopener noreferrer\">BDSE BASKET k\u00e9relem let\u00f6lt\u00e9se<\/a>[\/vc_column_text][vc_column_text]<strong>2017\/2018<\/strong>[\/vc_column_text][vc_column_text]<a href=\"https:\/\/bdsebasket.hu\/wp-content\/uploads\/2023\/02\/BDSE-Basket-2017-hatarozat.pdf\" target=\"_blank\" rel=\"noopener noreferrer\">BDSE BASKET hat\u00e1rozat let\u00f6lt\u00e9se<\/a><\/p>\n<p><a href=\"https:\/\/bdsebasket.hu\/wp-content\/uploads\/2023\/02\/BDSE-Basket-2017-kerelem.pdf\" target=\"_blank\" rel=\"noopener noreferrer\">BDSE BASKET k\u00e9relem let\u00f6lt\u00e9se<\/a>[\/vc_column_text][vc_column_text]<strong>2016\/2017<\/strong>[\/vc_column_text][vc_column_text]<a href=\"https:\/\/bdsebasket.hu\/wp-content\/uploads\/2023\/02\/BDSE-Basket-2016-hatarozat.pdf\" target=\"_blank\" rel=\"noopener noreferrer\">BDSE BASKET hat\u00e1rozat let\u00f6lt\u00e9se<\/a><\/p>\n<p><a href=\"https:\/\/bdsebasket.hu\/wp-content\/uploads\/2023\/02\/BDSE-Basket-2016-kerelem.pdf\" target=\"_blank\" rel=\"noopener noreferrer\">BDSE BASKET k\u00e9relem let\u00f6lt\u00e9se<\/a>[\/vc_column_text][vc_column_text]<strong>2015\/2016<\/strong>[\/vc_column_text][vc_column_text]<a href=\"https:\/\/bdsebasket.hu\/wp-content\/uploads\/2023\/02\/BDSE-Basket-2015-hatarozat.pdf\" target=\"_blank\" rel=\"noopener noreferrer\">BDSE BASKET hat\u00e1rozat let\u00f6lt\u00e9se<\/a><\/p>\n<p><a href=\"https:\/\/bdsebasket.hu\/wp-content\/uploads\/2023\/02\/BDSE-Basket-2015-kerelem.pdf\" target=\"_blank\" rel=\"noopener noreferrer\">BDSE BASKET k\u00e9relem let\u00f6lt\u00e9se<\/a>[\/vc_column_text][\/vc_column][\/vc_row]<\/p>\n<\/div>","protected":false},"excerpt":{"rendered":"<p>[vc_row css=&#8221;.vc_custom_1555503152088{margin-top: -50px !important;}&#8221;][vc_column][vc_custom_heading text=&#8221;TAO dokumentumok&#8221; use_theme_fonts=&#8221;yes&#8221;][vc_separator color=&#8221;custom&#8221; align=&#8221;align_left&#8221; el_width=&#8221;10&#8243; accent_color=&#8221;#000000&#8243;][vc_empty_space][vc_column_text css=&#8221;&#8221;]2026\/2027[\/vc_column_text][vc_column_text css=&#8221;&#8221;]BDSE BASKET k\u00e9relem let\u00f6lt\u00e9se BDSE BASKET hat\u00e1rozat let\u00f6lt\u00e9se[\/vc_column_text][vc_column_text css=&#8221;&#8221;]2025\/2026[\/vc_column_text][vc_column_text css=&#8221;&#8221;]BDSE BASKET k\u00e9relem let\u00f6lt\u00e9se BDSE BASKET hat\u00e1rozat let\u00f6lt\u00e9se[\/vc_column_text][vc_column_text]2024\/2025[\/vc_column_text][vc_column_text]BDSE BASKET hat\u00e1rozat let\u00f6lt\u00e9se BDSE BASKET k\u00e9relem let\u00f6lt\u00e9se[\/vc_column_text][vc_column_text]2023\/2024[\/vc_column_text][vc_column_text]BDSE BASKET hat\u00e1rozat let\u00f6lt\u00e9se BDSE BASKET k\u00e9relem let\u00f6lt\u00e9se[\/vc_column_text][vc_column_text]2022\/2023[\/vc_column_text][vc_column_text]BDSE BASKET hat\u00e1rozat let\u00f6lt\u00e9se BDSE BASKET k\u00e9relem let\u00f6lt\u00e9se[\/vc_column_text][vc_column_text]2021\/2022[\/vc_column_text][vc_column_text]BDSE BASKET hat\u00e1rozat let\u00f6lt\u00e9se BDSE BASKET&#8230;<\/p>\n","protected":false},"author":1,"featured_media":0,"parent":0,"menu_order":0,"comment_status":"closed","ping_status":"closed","template":"","meta":{"footnotes":""},"class_list":["post-5024","page","type-page","status-publish","hentry"],"_links":{"self":[{"href":"https:\/\/bdsebasket.hu\/index.php\/wp-json\/wp\/v2\/pages\/5024","targetHints":{"allow":["GET"]}}],"collection":[{"href":"https:\/\/bdsebasket.hu\/index.php\/wp-json\/wp\/v2\/pages"}],"about":[{"href":"https:\/\/bdsebasket.hu\/index.php\/wp-json\/wp\/v2\/types\/page"}],"author":[{"embeddable":true,"href":"https:\/\/bdsebasket.hu\/index.php\/wp-json\/wp\/v2\/users\/1"}],"replies":[{"embeddable":true,"href":"https:\/\/bdsebasket.hu\/index.php\/wp-json\/wp\/v2\/comments?post=5024"}],"version-history":[{"count":16,"href":"https:\/\/bdsebasket.hu\/index.php\/wp-json\/wp\/v2\/pages\/5024\/revisions"}],"predecessor-version":[{"id":5214,"href":"https:\/\/bdsebasket.hu\/index.php\/wp-json\/wp\/v2\/pages\/5024\/revisions\/5214"}],"wp:attachment":[{"href":"https:\/\/bdsebasket.hu\/index.php\/wp-json\/wp\/v2\/media?parent=5024"}],"curies":[{"name":"wp","href":"https:\/\/api.w.org\/{rel}","templated":true}]}}