{"id":4253,"date":"2018-09-14T14:39:47","date_gmt":"2018-09-14T14:39:47","guid":{"rendered":"http:\/\/dolphinx.eu\/test\/rado\/?page_id=4253"},"modified":"2020-05-25T07:06:58","modified_gmt":"2020-05-25T07:06:58","slug":"rado-tabor","status":"publish","type":"page","link":"https:\/\/bdsebasket.hu\/index.php\/rado-tabor\/","title":{"rendered":"Rado T\u00e1bor"},"content":{"rendered":"<div class=\"wpb-content-wrapper\"><p>[vc_row css=&#8221;.vc_custom_1555506166316{margin-top: -50px !important;}&#8221;][vc_column][vc_tta_tabs][vc_tta_section title=&#8221;Inform\u00e1ci\u00f3k&#8221; tab_id=&#8221;1555505852554-33f4ed03-d4e0&#8243;][vc_row_inner][vc_column_inner][vc_column_text]<\/p>\n<h1 style=\"font-weight: 400;\"><strong>FIGYELEM!<\/strong><\/h1>\n<p style=\"font-weight: 400;\"><strong>B\u00e1r az id\u00e9n \u00fcnnepeln\u00e9 15.-ik \u00e9v\u00e9t a RADO KOS\u00c1RLABDA T\u00c1BOR a koronav\u00edrus-j\u00e1rv\u00e1ny miatt k\u00e9nytelenek voltunk az idei t\u00e1bort t\u00f6r\u00f6lni!<\/strong><\/p>\n<p style=\"font-weight: 400;\"><strong>A d\u00f6nt\u00e9s els\u0151dleges oka, hogy a t\u00e1bor tervezett id\u0151pontj\u00e1ig kev\u00e9s id\u0151 maradt \u00e9s m\u00e9g mindig nagyon sok a bizonytalans\u00e1g, ez\u00e9rt\u00a0 a RADOBASKET vezet\u0151s\u00e9ge sajn\u00e1lattal, de \u00fagy d\u00f6nt\u00f6tt, hogy ebben az \u00e9vben nem rendezi meg a t\u00e1bort.<\/strong><\/p>\n<p style=\"font-weight: 400;\"><strong>Az esetleges kellemetlens\u00e9gek\u00e9rt eln\u00e9z\u00e9st k\u00e9r\u00fcnk!<\/strong><\/p>\n<p><strong>Term\u00e9szetesen j\u00f6v\u0151re tal\u00e1lkozunk \u00e9s folytatjuk!<\/strong>[\/vc_column_text][\/vc_column_inner][\/vc_row_inner][\/vc_tta_section][vc_tta_section title=&#8221;K\u00f6lts\u00e9gek&#8221; tab_id=&#8221;1555505852573-578cb8f4-dbe2&#8243;][vc_row_inner][vc_column_inner width=&#8221;1\/2&#8243;][vc_single_image image=&#8221;4260&#8243; img_size=&#8221;large&#8221; css_animation=&#8221;fadeInLeft&#8221;][\/vc_column_inner][vc_column_inner width=&#8221;1\/2&#8243;][vc_column_text]<\/p>\n<h3 class=\"flow_text\">A t\u00e1bor k\u00f6lts\u00e9ge<\/h3>\n<ul>\n<li>\u00a070 000.-Ft<\/li>\n<\/ul>\n<h3 class=\"flow_text\">Mit tartalmaz?<\/h3>\n<ul>\n<li class=\"flow_text\">a sz\u00e1ll\u00e1st<\/li>\n<li class=\"flow_text\">napi h\u00e1rom \u00e9tkez\u00e9st<\/li>\n<li class=\"flow_text\">edz\u00e9sfelszerel\u00e9st<\/li>\n<\/ul>\n<p>2020.06.28. \u2013 07. 04-ig<\/p>\n<h3>Fizet\u00e9si felt\u00e9telek<\/h3>\n<p>Banki \u00e1tutal\u00e1ssal, befizet\u00e9ssel a t\u00e1bor k\u00f6lts\u00e9g\u00e9nek 50%-\u00e1t egyben vagy t\u00f6bb r\u00e9szletben a lent megjel\u00f6lt sz\u00e1mlasz\u00e1mra legk\u00e9s\u0151bb 2020.06.10-ig<\/p>\n<p>A fennmarad\u00f3 50%-ot a t\u00e1borba \u00e9rkez\u00e9sig banki \u00e1tutal\u00e1ssal, befizet\u00e9ssel kell kiegyenl\u00edteni:<\/p>\n<p>RADO KOS\u00c1RLABDA SE<\/p>\n<p>Otp Bank: 11742173-20171625<br \/>\nK\u00f6zlem\u00e9nyben k\u00e9rem felt\u00fcntetni: T\u00c1MOGAT\u00c1S[\/vc_column_text][\/vc_column_inner][\/vc_row_inner][\/vc_tta_section][vc_tta_section title=&#8221;A t\u00e1bor k\u00e9pekben&#8221; tab_id=&#8221;1555506495228-a39080b8-aee3&#8243;][vc_row_inner][vc_column_inner][stm_images_grid images=&#8221;4269,4268,4251,4259,4260,4263,4264,4265,4266,4267,4247&#8243;][\/vc_column_inner][\/vc_row_inner][\/vc_tta_section][vc_tta_section title=&#8221;Jelentkez\u00e9s&#8221; tab_id=&#8221;1555505900070-ce405627-e90d&#8221;][vc_row_inner][vc_column_inner]\n<div class=\"wpcf7 no-js\" id=\"wpcf7-f4-o1\" lang=\"hu-HU\" dir=\"ltr\" data-wpcf7-id=\"4\">\n<div class=\"screen-reader-response\"><p role=\"status\" aria-live=\"polite\" aria-atomic=\"true\"><\/p> <ul><\/ul><\/div>\n<form action=\"\/index.php\/wp-json\/wp\/v2\/pages\/4253#wpcf7-f4-o1\" method=\"post\" class=\"wpcf7-form init\" aria-label=\"Kapcsolatfelv\u00e9teli \u0171rlap\" novalidate=\"novalidate\" data-status=\"init\">\n<fieldset class=\"hidden-fields-container\"><input type=\"hidden\" name=\"_wpcf7\" value=\"4\" \/><input type=\"hidden\" name=\"_wpcf7_version\" value=\"6.1.5\" \/><input type=\"hidden\" name=\"_wpcf7_locale\" value=\"hu_HU\" \/><input type=\"hidden\" name=\"_wpcf7_unit_tag\" value=\"wpcf7-f4-o1\" \/><input type=\"hidden\" name=\"_wpcf7_container_post\" value=\"0\" \/><input type=\"hidden\" name=\"_wpcf7_posted_data_hash\" value=\"\" \/>\n<\/fieldset>\n<p><label> N\u00e9v (k\u00f6telez\u0151)<br \/>\n<span class=\"wpcf7-form-control-wrap\" data-name=\"your-name\"><input size=\"40\" maxlength=\"400\" class=\"wpcf7-form-control wpcf7-text wpcf7-validates-as-required\" aria-required=\"true\" aria-invalid=\"false\" value=\"\" type=\"text\" name=\"your-name\" \/><\/span> <\/label>\n<\/p>\n<p><label> Sz\u00fclet\u00e9si d\u00e1tum (k\u00f6telez\u0151)<br \/>\n<span class=\"wpcf7-form-control-wrap\" data-name=\"your-birthdate\"><input size=\"40\" maxlength=\"400\" class=\"wpcf7-form-control wpcf7-text wpcf7-validates-as-required\" aria-required=\"true\" aria-invalid=\"false\" value=\"\" type=\"text\" name=\"your-birthdate\" \/><\/span> <\/label>\n<\/p>\n<p><label> Sz\u00fcl\u0151\/gondvisel\u0151 neve (k\u00f6telez\u0151)<br \/>\n<span class=\"wpcf7-form-control-wrap\" data-name=\"your-szulo\"><input size=\"40\" maxlength=\"400\" class=\"wpcf7-form-control wpcf7-text wpcf7-validates-as-required\" aria-required=\"true\" aria-invalid=\"false\" value=\"\" type=\"text\" name=\"your-szulo\" \/><\/span> <\/label>\n<\/p>\n<p><label> Telefonsz\u00e1m (k\u00f6telez\u0151)<br \/>\n<span class=\"wpcf7-form-control-wrap\" data-name=\"your-tel\"><input size=\"40\" maxlength=\"400\" class=\"wpcf7-form-control wpcf7-text wpcf7-validates-as-required\" aria-required=\"true\" aria-invalid=\"false\" value=\"\" type=\"text\" name=\"your-tel\" \/><\/span> <\/label>\n<\/p>\n<p><label> Email-c\u00edm (k\u00f6telez\u0151)<br \/>\n<span class=\"wpcf7-form-control-wrap\" data-name=\"your-email\"><input size=\"40\" maxlength=\"400\" class=\"wpcf7-form-control wpcf7-email wpcf7-validates-as-required wpcf7-text wpcf7-validates-as-email\" aria-required=\"true\" aria-invalid=\"false\" value=\"\" type=\"email\" name=\"your-email\" \/><\/span> <\/label>\n<\/p>\n<p><label> Lakc\u00edm (Irsz., v\u00e1ros, utca h.sz\u00e1m) (k\u00f6telez\u0151)<br \/>\n<span class=\"wpcf7-form-control-wrap\" data-name=\"your-cim\"><input size=\"40\" maxlength=\"400\" class=\"wpcf7-form-control wpcf7-text wpcf7-validates-as-required\" aria-required=\"true\" aria-invalid=\"false\" value=\"\" type=\"text\" name=\"your-cim\" \/><\/span> <\/label>\n<\/p>\n<p><label> Mi\u00f3ta kos\u00e1rlabd\u00e1zik<br \/>\n<span class=\"wpcf7-form-control-wrap\" data-name=\"your-miota\"><input size=\"40\" maxlength=\"400\" class=\"wpcf7-form-control wpcf7-text wpcf7-validates-as-required\" aria-required=\"true\" aria-invalid=\"false\" value=\"\" type=\"text\" name=\"your-miota\" \/><\/span> <\/label>\n<\/p>\n<p><label> Egyes\u00fclet\/DSK<br \/>\n<span class=\"wpcf7-form-control-wrap\" data-name=\"your-egyesulet\"><input size=\"40\" maxlength=\"400\" class=\"wpcf7-form-control wpcf7-text wpcf7-validates-as-required\" aria-required=\"true\" aria-invalid=\"false\" value=\"\" type=\"text\" name=\"your-egyesulet\" \/><\/span> <\/label>\n<\/p>\n<p><label> Ruha m\u00e9ret (k\u00f6telez\u0151)<br \/>\n<span class=\"wpcf7-form-control-wrap\" data-name=\"your-ruha\"><input size=\"40\" maxlength=\"400\" class=\"wpcf7-form-control wpcf7-text wpcf7-validates-as-required\" aria-required=\"true\" aria-invalid=\"false\" value=\"\" type=\"text\" name=\"your-ruha\" \/><\/span> <\/label>\n<\/p>\n<p><label> Rendszeresen szedett gy\u00f3gyszerek<br \/>\n<span class=\"wpcf7-form-control-wrap\" data-name=\"your-gyogyszerek\"><textarea cols=\"40\" rows=\"10\" maxlength=\"2000\" class=\"wpcf7-form-control wpcf7-textarea\" aria-invalid=\"false\" name=\"your-gyogyszerek\"><\/textarea><\/span> <\/label>\n<\/p>\n<p><label> Gy\u00f3gyszer\u00e9rz\u00e9kenys\u00e9g<br \/>\n<span class=\"wpcf7-form-control-wrap\" data-name=\"your-erzekenyseg\"><textarea cols=\"40\" rows=\"10\" maxlength=\"2000\" class=\"wpcf7-form-control wpcf7-textarea\" aria-invalid=\"false\" name=\"your-erzekenyseg\"><\/textarea><\/span> <\/label>\n<\/p>\n<p><label> Allergia, vagy egy\u00e9b id\u0151szakos betegs\u00e9g<br \/>\n<span class=\"wpcf7-form-control-wrap\" data-name=\"your-allergia\"><textarea cols=\"40\" rows=\"10\" maxlength=\"2000\" class=\"wpcf7-form-control wpcf7-textarea\" aria-invalid=\"false\" name=\"your-allergia\"><\/textarea><\/span> <\/label>\n<\/p>\n<p><label> Egy\u00e9b sz\u00fcl\u0151i k\u00f6zlend\u0151<br \/>\n<span class=\"wpcf7-form-control-wrap\" data-name=\"your-kozlendo\"><textarea cols=\"40\" rows=\"10\" maxlength=\"2000\" class=\"wpcf7-form-control wpcf7-textarea\" aria-invalid=\"false\" name=\"your-kozlendo\"><\/textarea><\/span> <\/label>\n<\/p>\n<p><label> <span class=\"wpcf7-form-control-wrap\" data-name=\"acceptance-94\"><span class=\"wpcf7-form-control wpcf7-acceptance\"><span class=\"wpcf7-list-item\"><input type=\"checkbox\" name=\"acceptance-94\" value=\"1\" aria-invalid=\"false\" \/><\/span><\/span><\/span> Az adatkezel\u00e9si t\u00e1j\u00e9koztat\u00f3t megismertem \u00e9s elfogadom. <a href=\"https:\/\/kosar.radobasket.hu\/index.php\/adatkezelesi\/\" target=\"_blank\">Adatkezel\u00e9si t\u00e1j\u00e9koztat\u00f3<\/a><\/label>\n<\/p>\n<p><label> <span class=\"wpcf7-form-control-wrap\" data-name=\"acceptance-94\"><span class=\"wpcf7-form-control wpcf7-acceptance\"><span class=\"wpcf7-list-item\"><input type=\"checkbox\" name=\"acceptance-94\" value=\"1\" aria-invalid=\"false\" \/><\/span><\/span><\/span> A Rado kos\u00e1rlabda t\u00e1bor jelentkez\u00e9shez sz\u00fcks\u00e9ges saj\u00e1t \u00e9s gyermekem szem\u00e9lyes adataink kezel\u00e9s\u00e9hez hozz\u00e1j\u00e1rulok a Rado KSE Adatkezel\u00e9si t\u00e1j\u00e9koztat\u00f3j\u00e1ban megismertek alapj\u00e1n. <\/label>\n<\/p>\n<p><input class=\"wpcf7-form-control wpcf7-submit has-spinner\" type=\"submit\" value=\"Jelentkez\u00e9s elk\u00fcld\u00e9se\" \/>\n<\/p><input type='hidden' class='wpcf7-pum' value='{\"closepopup\":false,\"closedelay\":0,\"openpopup\":false,\"openpopup_id\":0}' \/><div class=\"wpcf7-response-output\" aria-hidden=\"true\"><\/div>\n<\/form>\n<\/div>\n[\/vc_column_inner][\/vc_row_inner][\/vc_tta_section][\/vc_tta_tabs][\/vc_column][\/vc_row]<\/p>\n<\/div>","protected":false},"excerpt":{"rendered":"<p>[vc_row css=&#8221;.vc_custom_1555506166316{margin-top: -50px !important;}&#8221;][vc_column][vc_tta_tabs][vc_tta_section title=&#8221;Inform\u00e1ci\u00f3k&#8221; tab_id=&#8221;1555505852554-33f4ed03-d4e0&#8243;][vc_row_inner][vc_column_inner][vc_column_text] FIGYELEM! B\u00e1r az id\u00e9n \u00fcnnepeln\u00e9 15.-ik \u00e9v\u00e9t a RADO KOS\u00c1RLABDA T\u00c1BOR a koronav\u00edrus-j\u00e1rv\u00e1ny miatt k\u00e9nytelenek voltunk az idei t\u00e1bort t\u00f6r\u00f6lni! A d\u00f6nt\u00e9s els\u0151dleges oka, hogy a t\u00e1bor tervezett id\u0151pontj\u00e1ig kev\u00e9s id\u0151 maradt \u00e9s m\u00e9g mindig nagyon sok a bizonytalans\u00e1g, ez\u00e9rt\u00a0 a RADOBASKET vezet\u0151s\u00e9ge sajn\u00e1lattal, de \u00fagy d\u00f6nt\u00f6tt, hogy ebben&#8230;<\/p>\n","protected":false},"author":1,"featured_media":0,"parent":0,"menu_order":0,"comment_status":"closed","ping_status":"closed","template":"","meta":{"footnotes":""},"class_list":["post-4253","page","type-page","status-publish","hentry"],"_links":{"self":[{"href":"https:\/\/bdsebasket.hu\/index.php\/wp-json\/wp\/v2\/pages\/4253","targetHints":{"allow":["GET"]}}],"collection":[{"href":"https:\/\/bdsebasket.hu\/index.php\/wp-json\/wp\/v2\/pages"}],"about":[{"href":"https:\/\/bdsebasket.hu\/index.php\/wp-json\/wp\/v2\/types\/page"}],"author":[{"embeddable":true,"href":"https:\/\/bdsebasket.hu\/index.php\/wp-json\/wp\/v2\/users\/1"}],"replies":[{"embeddable":true,"href":"https:\/\/bdsebasket.hu\/index.php\/wp-json\/wp\/v2\/comments?post=4253"}],"version-history":[{"count":19,"href":"https:\/\/bdsebasket.hu\/index.php\/wp-json\/wp\/v2\/pages\/4253\/revisions"}],"predecessor-version":[{"id":5020,"href":"https:\/\/bdsebasket.hu\/index.php\/wp-json\/wp\/v2\/pages\/4253\/revisions\/5020"}],"wp:attachment":[{"href":"https:\/\/bdsebasket.hu\/index.php\/wp-json\/wp\/v2\/media?parent=4253"}],"curies":[{"name":"wp","href":"https:\/\/api.w.org\/{rel}","templated":true}]}}